t u(z) = -19*z - 15. List the prime factors of u(-27).
2, 3, 83
Let n = -90 - -46. Let t = n + 279. List the prime factors of t.
5, 47
Suppose -6260 = -54*q + 44*q. What are the prime factors of q?
2, 313
Let f = -1257 - -2510. What are the prime factors of f?
7, 179
Suppose 28 - 628 = -3*z - 3*a, -5*z + 1000 = 2*a. Suppose 3*o - 175 = z. List the prime factors of o.
5
Suppose 3*w - 123*b = -122*b + 8539, -4*b = 3*w - 8564. What are the prime factors of w?
2, 89
Suppose 0*w - 4*w + 8048 = -4*p, 0 = -5*w - 5*p + 10020. What are the prime factors of w?
2, 251
Let h(l) = -17*l + 2. Let d be h(-1). Let j = 21 - d. Suppose j*o - i + 90 = 4*o, 2*o - 102 = 5*i. What are the prime factors of o?
2, 23
Let n be 2 + (0 + 106 - -4). Let y = 84 + n. What are the prime factors of y?
2, 7
Suppose 0 = -2*b + 5*y + 583, 6*b + 5*y = 3*b + 837. What are the prime factors of b?
2, 71
Let w(z) = -8*z**3 - 4*z**2 + 6*z - 13. List the prime factors of w(-7).
3, 277
Let z(p) = p**2 + 19*p + 18. Let v be z(-18). Suppose -2*k + s = k + 5, -5*k - 2*s - 23 = v. What are the prime factors of k/(-6) - 552/(-16)?
5, 7
Let p(i) = -i**3 + 7*i**2 + 5. Let r be p(7). Suppose -4*z - r*o + 3*o + 292 = 0, -2*o = z - 67. What are the prime factors of z?
3, 5
Suppose -k = 18*k + 95. Let x(d) = d**3 + 9*d**2 + 12*d + 15. What are the prime factors of x(k)?
5, 11
Let g be (-3 - 0)*-1 + 108. Suppose -3*m + 6*m = g. Let v = m - 8. What are the prime factors of v?
29
Let s(t) = -253*t - 11. What are the prime factors of s(-2)?
3, 5, 11
Let t be ((-84)/8)/1*10/(-3). Let s = t - -80. What are the prime factors of s?
5, 23
Let q be (-4)/14 + (-19)/7. Let m = 0 + q. What are the prime factors of (1/m)/((-1)/27)?
3
Let c = 26 + -23. Let g = c - 11. Let u = g - -23. What are the prime factors of u?
3, 5
Let h be (4 + -4 - 0)/2. Suppose -4*g + 16 = -h*g. Suppose 5*s - g*r - 49 = 126, -4*r - 35 = -s. List the prime factors of s.
5, 7
Suppose 0 = -5*k + 17 + 3. Suppose 2*j = -c + 54, -k*j = 3*c - 87 - 25. List the prime factors of j.
5
Let v(t) = -t**3 - 5*t**2 + 3. Let h be v(-5). Let y(a) = 3*a - 6. Let d be y(h). Suppose -81 = -2*k + b, 0 = 3*k - d*b - 81 - 39. List the prime factors of k.
41
Let j = 5 - 3. Let d(l) = -2*l**2 + 95*l**3 + 3*l - l - 49*l**3 - 45*l**3. List the prime factors of d(j).
2
Let h(w) be the second derivative of 2*w**4/3 - w**3/3 - w**2/2 - w. Let l = 208 + -206. What are the prime factors of h(l)?
3
Suppose 5*m - 2*u = 0, -m - u - 12 + 5 = 0. Let p = -3 - -10. Let i = p + m. What are the prime factors of i?
5
Let d(o) = o**2 - 4*o + 5. Let j be d(3). Suppose -3*c - z + 27 = j*z, 0 = 5*c - 5*z - 25. List the prime factors of c.
7
Let d(u) = 20*u + 352. What are the prime factors of d(19)?
2, 3, 61
Let q(c) = -24*c**3 + 5*c**2 + 3*c + 5. Let w(l) = 12*l**3 - 2*l**2 - l - 2. Let a(i) = -2*q(i) - 5*w(i). Let x = -95 - -94. List the prime factors of a(x).
13
Let a(s) = s**2 - 6*s. Let j(u) = u**2 - 2*u - 2. Let d be j(-2). Let x be a(d). What are the prime factors of (x + 1)*(-12 + 29)?
17
Let t be 30/4*(-508)/(-3). Suppose -7*s = 3*s - t. List the prime factors of s.
127
Let m(s) = s**3 - 5*s**2 - 13*s - 2. Let w be m(7). Suppose 2*t + t = 0, -w*b - 4*t = -545. What are the prime factors of b?
109
Let v = 4 + -4. Suppose -b - 22 = -v*b. Let a = b + 31. List the prime factors of a.
3
Suppose -2*r + 735 = r + 3*a, r + 5*a = 249. Suppose r = -71*x + 73*x. What are the prime factors of x?
2, 61
Suppose 0 = -2*s + 3*k + 125 - 6, 0 = -2*s - 4*k + 98. What are the prime factors of s?
5, 11
Suppose 102*a = 99*a + 7029. List the prime factors of a.
3, 11, 71
Suppose 4*q + 5*p = 56, p = -5*q + 63 + 7. Suppose m + 2*m + 24 = 3*v, -m + q = v. List the prime factors of v.
11
Let y(c) = 16*c - 2. Suppose -8 = -w - w. What are the prime factors of y(w)?
2, 31
Let b = 35 - 33. Suppose -63 = k - b*k. What are the prime factors of k?
3, 7
Let d = 1128 - 711. What are the prime factors of d?
3, 139
Suppose -5*f = 34 - 14. Let v(m) = -2*m**3 - 2*m**2 + 6*m - 6. List the prime factors of v(f).
2, 3, 11
Suppose -3*x - 48 = -15*x. Suppose 4*k = -13 + 5, x*k = 2*u - 166. What are the prime factors of u?
79
Let v(y) = 342*y - 138. What are the prime factors of v(7)?
2, 3, 47
Suppose -25 + 22 = -q. Suppose -3*k + 123 = q*p, -110 = -3*p + k + 21. List the prime factors of p.
43
Let b(n) = -n**3 + 12*n**2 - 13*n + 13. Let h be b(11). What are the prime factors of h/((-36)/(-16)) + 53?
7
Suppose -5*u = 4*v - 2 + 20, 5*u - 5*v = 0. List the prime factors of ((-3)/(-3))/u*-148.
2, 37
Let a = -30 - -35. Suppose 331 = a*l - 19. List the prime factors of l.
2, 5, 7
Let u = 7347 + -3856. What are the prime factors of u?
3491
Let c(d) = -d**3 + d - 1. Let w(t) = 9*t**3 - 2*t**2 - 2 - 3*t**3 + 3*t**2 - 12*t + 3*t**2. Let o(l) = 5*c(l) + w(l). What are the prime factors of o(-4)?
3, 7
Suppose 33*m = 35*m. Suppose 4*x - 3*o - 124 = m, 4*x - 132 = o + 4*o. What are the prime factors of x?
2, 7
What are the prime factors of (-32012)/(-8) - (-45)/(-18)?
3, 31, 43
List the prime factors of 2 + (-15)/(-3) - -1839*3.
2, 1381
Suppose -5 = 2*a - 3. Let c = 1 + a. Suppose c = 3*p - 317 + 116. What are the prime factors of p?
67
Suppose 13*p = 12*p + 2. Suppose 2 = j, -148 = p*q - 7*q + j. List the prime factors of q.
2, 3, 5
Suppose 0 = -3*m - v + 2116, -5*m - 5*v + 1428 = -3*m. What are the prime factors of m?
2, 11
Suppose -4*f = f + 3*j - 1039, 5*f = 2*j + 1024. What are the prime factors of f?
2, 103
Let p be 6*3/(-27)*-6. Suppose -12*h + 440 = -p*h. What are the prime factors of h?
5, 11
Let i = 26 - 7. Let l = 95 - i. List the prime factors of l.
2, 19
Let q = 6 + -1. Let d(y) = 17*y - 22. List the prime factors of d(q).
3, 7
Suppose -2*b + 15 = b. Let n = b - 5. Suppose n = -7*m + 4*m + 150. What are the prime factors of m?
2, 5
Let u(x) = 5*x + 118. List the prime factors of u(34).
2, 3
Let m be 56/14 + 2*1. Suppose -m = -2*b + 20. List the prime factors of b.
13
Suppose -8*c + 7415 + 4273 = 0. What are the prime factors of c?
3, 487
Suppose -2201 = -5*g - 3*k, 4*g - 1313 = g + 2*k. List the prime factors of g.
439
Let y(s) = -s**2 + 13*s + 8. Let k = -2 - -38. Let h = 43 - k. What are the prime factors of y(h)?
2, 5
Let x(a) = a**3 - 7*a**2 + 5. Let y be x(6). Let w = 52 + y. Let v = -12 + w. What are the prime factors of v?
3
Suppose 5*x = -2*g + 5253, 11*x = 8*x - 5*g + 3148. What are the prime factors of x?
1051
Suppose -v + 2 = s - 0*v, 2*s - 4*v = -26. What are the prime factors of (-254)/(-4) - s/6?
2
Let r(n) be the second derivative of n**5/20 - n**4/2 + 7*n**3/6 + 7*n**2/2 + 12*n. List the prime factors of r(6).
7
Let u(v) = 5*v**2 - 7*v - 4. Let w(l) be the first derivative of 4*l**3/3 - 3*l**2 - 3*l - 6. Let z(f) = 5*u(f) - 6*w(f). What are the prime factors of z(-4)?
2, 5
Suppose 0 = -2*n - 8, -2*n - 3 - 4 = s. List the prime factors of s/(5*(-2)/(-660)).
2, 3, 11
Suppose -1682 = 5*k + 5*s - 3*s, 3*s - 1677 = 5*k. Let q = k - -560. What are the prime factors of q?
2, 7
Suppose 6*j - j + 125 = -5*t, 0 = 3*j. Let w = t + 36. What are the prime factors of w?
11
Let i(m) = m**2 + 2*m - 3. Let y = 35 + -41. What are the prime factors of i(y)?
3, 7
Suppose -1 = -3*v + 2*o, -3*o = 4*v - 6 - 18. Suppose 0 = 4*t + q - 397, t + 2*q - 85 = -v*q. What are the prime factors of t?
2, 5
Let z = -50 + 53. Suppose 0*v = -4*h - v + 247, -2*h + 113 = -z*v. List the prime factors of h.
61
Let y(h) = 38*h**2 - 5*h - 3. Let m be y(-4). Suppose -5*c = -2*b - 2*b + m, -4*b + 575 = 5*c. What are the prime factors of b?
2, 3, 5
Let l = -16 + 16. Let s(g) = -2*g - 1 + l*g + g - 6*g**3 - g**2. What are the prime factors of s(-1)?
5
Let d(j) be the first derivative of -2*j**2 + 97*j - 15. List the prime factors of d(0).
97
Let d be (4/12)/(1/(-9)). Let w = -26 + d. What are the prime factors of (2 - -1 - w) + -3?
29
What are the prime factors of (4356/63)/((-3)/(-42))?
2, 11
Let y(c) = -c**2 + 11*c + 5. Let z be y(6). Let v = z + -49. Let k(g) = -g + 13. List the prime factors of k(v).
3
Let i(s) = -s**3 + 4*s**2 - 3*s. Let n be i(2). Let f(d) = -d**3 - 6*d**2 - 5*d + 3. Let k be f(-5). Suppose -n*h - k = -51. List the prime factors of h.
2, 3
Suppose 76 = -3*l + 4*w, -119 = 4*l + l + w. What are the prime factors of 9*(-5